3 + h. What are the prime factors of (-674)/k - 6/(-10)?
2, 17
Let q = 3994 - 1213. Suppose -2*h = -g - q, -g + 3*g = 2*h - 2784. What are the prime factors of h?
3, 463
Let z(o) = o**2 + 33*o - 408. List the prime factors of z(37).
2, 1091
Let r(u) = 3*u**2 - 21*u + 4930. List the prime factors of r(0).
2, 5, 17, 29
Let r be 639*((-56)/(-66) + (-4)/22). Let h = 480 - r. What are the prime factors of h?
2, 3
Let c(u) = 5*u**2 + 73*u + 17. Let m be c(-24). Suppose 94 = 3*f - m. What are the prime factors of f?
7, 59
Suppose 9*a - 50 = 7*a. Let d be (-10)/a - 5284/(-10). Suppose -d = -14*h + 11*h. List the prime factors of h.
2, 11
Suppose 3*b - 3*p - 16590 = 0, 27*b + 27668 = 32*b + 4*p. What are the prime factors of b?
2, 3, 461
Suppose -5*c - 1 = -3*f + 1, 0 = 2*f - 8. Suppose -4*a + 8*a + q = 903, -c*a + 5*q = -435. List the prime factors of a.
3, 5
Suppose -22*k + 9*k + 234 = 0. Suppose -15*p + k = -12*p. Suppose w + p*v = 2*v + 281, -4*w + 3*v + 1200 = 0. What are the prime factors of w?
3, 11
Let n(i) = 527*i - 2423. List the prime factors of n(7).
2, 3, 211
Let l = 11483 + -4561. What are the prime factors of l?
2, 3461
Suppose 10678 = 19*f - 5491. List the prime factors of f.
23, 37
Let r be 76/8 - 16/32. List the prime factors of 3141/r - (-9 + -1)/(-2).
2, 43
Let z(p) = 53*p - 3. Let v(q) = -18*q - 43. Let b be v(-3). What are the prime factors of z(b)?
2, 5, 29
Suppose 7*n - 2*m - 1593 = 2*n, m = -2*n + 630. List the prime factors of n.
317
Suppose -41*s + 54825 = -26*s. Suppose 0 = 19*y - 24*y + s. What are the prime factors of y?
17, 43
Suppose -4*m + 9 + 11 = 0. Suppose 0*x - 35 = m*x. List the prime factors of ((-132)/x)/(6/42).
2, 3, 11
Suppose -p + 5 = 0, 0 = -6*s + 2*s - 3*p - 21. Let w be (17 - -1)*(-5 + (-1 - s)). Suppose 15*r = 17*r - w. List the prime factors of r.
3
Let k(u) = -u**2 + 6*u - 2. Let s be k(4). Suppose -g - 24 = -s*i + i, -2*g = 3*i - 4. List the prime factors of (i/2)/(0 - (-4)/538).
269
Suppose 1055 = -5*y + 130. Let v = y + 491. List the prime factors of v.
2, 3, 17
List the prime factors of 102/306*(22797 + 0).
3, 17, 149
Let s be (-5 - -5) + 0 - 9. Let c(b) = 8*b**2 + 17*b + 38. List the prime factors of c(s).
13, 41
Let p(h) = 3*h**2 + 92*h - 431. List the prime factors of p(46).
3, 17, 199
Let f be 30/(-285) - (-382)/19. Suppose 10*a + 3380 = f*a. What are the prime factors of a?
2, 13
Let a = -2554 + 13507. What are the prime factors of a?
3, 1217
Let g(k) = 1473*k**2 - 225*k + 916. List the prime factors of g(4).
2, 11, 67
Let f(p) = 34360*p**2 + p + 18. What are the prime factors of f(-1)?
3, 7, 1637
Let x = -12682 + 24230. List the prime factors of x.
2, 2887
Suppose 4*q + 50*q = 181062. What are the prime factors of q?
7, 479
Suppose -2*r + 3*t - 1976 = 2*r, 0 = -3*r + 5*t - 1471. Let v = -38 - r. List the prime factors of v.
3, 17
Let m = -20 - -23. Suppose -2*k = -m*k + 2*n + 753, -3*n - 3786 = -5*k. List the prime factors of k.
3, 11, 23
What are the prime factors of (674 - 787)/(2/(-9) - (-1442)/6570)?
5, 73, 113
List the prime factors of 36/20*146785/93.
3, 947
Let r(s) be the first derivative of -s**4/4 + 16*s**3/3 - 41*s**2/2 + 11*s - 9. Let m be r(13). Let a = -7 - m. What are the prime factors of a?
2
Suppose 0 = -w - 6*p + 8137, -3*w + 2*p = -9176 - 15275. List the prime factors of w.
29, 281
Suppose 0 = g - 5*g + 18*g - 11956. What are the prime factors of g?
2, 7, 61
Let q be 2/3*(-15)/10*-4. Suppose 1755 + 273 = q*j + 4*u, 0 = 3*j + 2*u - 1521. Let s = -275 + j. What are the prime factors of s?
2, 29
Let s(j) = 189*j**3 - 9*j + 18. Let t(y) = -189*y**3 + 8*y - 17. Let k(f) = -5*s(f) - 6*t(f). What are the prime factors of k(2)?
2, 3, 11, 23
Let j(l) = 147*l + 1412. List the prime factors of j(0).
2, 353
Suppose 7*v = 132288 - 52775. List the prime factors of v.
37, 307
Let y(x) = -8*x**2 - 584*x - 87. List the prime factors of y(-58).
3, 29, 79
Let i(r) = -24*r + 1. Let s be i(-2). Let k = s - -523. What are the prime factors of k?
2, 11, 13
Let d(s) = -34*s + 10. Let f be d(-7). Suppose -33 = x - 4*x + 5*m, 5*m + 45 = 5*x. Suppose x*g = 10*g - f. What are the prime factors of g?
2, 31
Let h = 21327 - 13026. List the prime factors of h.
3, 2767
Let t(o) be the third derivative of o**5/12 - o**4/2 - 7*o**3/3 + 6*o**2 + 3. What are the prime factors of t(-5)?
3, 19
What are the prime factors of (-2702)/(-2) + 3 - (-4 - -5)*-9?
29, 47
Let w(v) = 0*v - 371 + 369 + 4*v. Let h be w(2). List the prime factors of h/21 - 766/(-14).
5, 11
Suppose 6*p - 12 = 2*p. Suppose 2*u - 42 = m, 3*u + p*m - 36 = 36. Suppose u = 4*l - 114. List the prime factors of l.
2, 17
Let i be (-12)/10*((-24990)/(-9))/(-17). Let z = 71 + i. List the prime factors of z.
3, 89
What are the prime factors of (-219)/9*-123 - (7 + -2)?
2, 3, 83
Let r be ((-27445)/(-10))/(-11)*-28. Suppose -5*h = 9*h - r. What are the prime factors of h?
499
Suppose 90 = 2*o - 3*b, -3*o - 160 = -7*o - 4*b. What are the prime factors of (964/12)/(7/o)?
2, 241
Let a(j) = 440*j + 10630. What are the prime factors of a(-14)?
2, 3, 5, 149
Suppose -72*z - 100446 = -587339 - 1436875. What are the prime factors of z?
7, 11, 347
Let f be (0 + 5)*(-53 + 54). Suppose -f*l + 13*h = 18*h - 935, 0 = 2*l - 5*h - 339. What are the prime factors of l?
2, 7, 13
Suppose 0 = -3*p - 0 + 15, 82 = y + 5*p. Suppose 0 = -3*t + 57 + y. Suppose 35*j + 231 = t*j. List the prime factors of j.
7, 11
Let p = 1032 + -962. Suppose p*o = 72*o - 50. What are the prime factors of o?
5
Suppose 5*j + 4*r + 47 = 0, 0*j = 3*j + 3*r + 27. Let d(l) = -87*l - 60. List the prime factors of d(j).
3, 13, 23
Suppose 0 = -121*p - 16*p + 1189434. List the prime factors of p.
2, 3, 1447
Let a = 265 - 757. Let o = a + 793. List the prime factors of o.
7, 43
Let g(c) = -c**3 + 34*c**2 + 29*c - 14. List the prime factors of g(15).
2, 587
Let z = -40 - -29. Let r = z - -18. What are the prime factors of r/(7/205) + -2?
7, 29
Let t = -112 + 91. List the prime factors of (-6)/(-21) - 7911/t.
13, 29
Let b(c) = -2*c**2 - 314*c - 267. What are the prime factors of b(-130)?
3, 2251
Suppose 215 = s - 0*s. Suppose -4*z + s = -125. Suppose 4*r - 503 = z. What are the prime factors of r?
3, 7
Let z = 14835 - 5528. What are the prime factors of z?
41, 227
Let j(n) = -14*n - 80. Let y(q) = -57*q - 321. Let x(v) = -15*j(v) + 4*y(v). List the prime factors of x(-17).
2, 3, 37
Suppose 52*f = 60*f - 2304. Let o = 422 - f. What are the prime factors of o?
2, 67
Suppose 112 = -u - 2*j, 3*u + 4*j = -0*j - 342. Let w = u - -218. What are the prime factors of w?
2, 5
Suppose -2*k - 24735 = -s + 5919, -k = s - 30648. List the prime factors of s.
2, 5, 613
Suppose -27*f + 83279 = -51483 - 355963. List the prime factors of f.
5, 727
Let j(o) = -3*o + 11. Let r be j(-7). Suppose -308 = -5*p + r. Let s = 9 + p. List the prime factors of s.
7, 11
Let h(f) = -26*f + 30*f + 42*f + 63 + 33*f + 9. What are the prime factors of h(9)?
3, 29
Suppose -3 = -f - 7, 2772 = 3*a - 3*f. Suppose 11*o + 260 = a. List the prime factors of o.
2, 3, 5
Let a(g) = g**2 - 8*g - 4. Let y = -19 + 32. Let m be a(y). Suppose b = 2*r + 111, -3*r + 385 = 3*b + m. What are the prime factors of b?
109
Let y(x) = -x**2 - 18*x + 44. Let j be y(-20). Suppose 3*l + c - 59 = 0, -3*l - j*c + 43 = c. List the prime factors of l/(-3)*(2 - (-104)/(-7)).
2, 3, 5
Let p(y) = -25 - 23 - 7*y**3 - 30 + 71 - 51*y - 18*y**2. What are the prime factors of p(-3)?
173
Let s = 1842 + -2722. Let w = 1120 + s. List the prime factors of w.
2, 3, 5
Let y = 39 - 37. Suppose -9*u + y*u - 28 = 0. What are the prime factors of (4 - 0)*(-74)/u?
2, 37
Suppose 4*o + 393 = 7*o. Let j = 410 - o. List the prime factors of j.
3, 31
Let d(m) = 139*m**2 + 3*m. Let q be d(1). Suppose -48*j + 44*j = -r + q, j - 773 = -5*r. List the prime factors of r.
2, 7, 11
Suppose 4*v - 26469 = -3*h, 5*v = 23*h - 27*h + 35292. List the prime factors of h.
3, 17, 173
Suppose -z + 9*l = 6*l - 30, 4*l = 4*z - 136. Let t = z + 144. List the prime factors of (t/7)/(2 + (-50)/28).
2, 3, 5
Let o = -42 - -119. Let b = o + -75. Suppose -r + 3*u + 226 = 0, -4*u = 5*r - b*u - 1045. List the prime factors of r.
211
Let n(j) = 4*j**2 - 47*j - 3758. What are the prime factors of n(71)?
7, 1867
Let n = 32 - 36.